(f) = 2*f**3 - 4*f**2 + 3*f. Let g be d(2). Suppose 3*i + u = g*u + 6, u + 8 = 4*i. List the prime factors of i.
2
Let i(g) = -g + 3. Let n be i(-3). Suppose k - 5 = n*k, 3*t - k - 13 = 0. Suppose -4*f + 32 = -b, -t*f = -0*f - 4*b - 20. What are the prime factors of f?
3
Let o be (-1 + 2)*-1*-1. List the prime factors of (o - 6/4)*-4.
2
Let q(f) = -f**2 - 11*f - 7. Let w be q(-10). Suppose 39 = c - w*b, 90 = 4*c + b - 14. What are the prime factors of c?
3
Let q = 132 - 65. What are the prime factors of q?
67
Suppose -k = 2*b + 4, 5*b + 2*k + 10 = 4*k. Let h(v) = -3*v**3 + v - 2. Let x be h(b). Suppose 0 = 5*i + 5, -2*c - i + x = -5*i. List the prime factors of c.
2
Suppose -c - c = -738. What are the prime factors of (-2)/(-8) - c/(-12)?
31
Suppose -5*g - 539 = 3*n - 7*n, -g + 137 = n. List the prime factors of n.
2, 17
Suppose 5*a = 9 + 141. Suppose 5*i - 35 = 2*m - 5, -3*m = 5*i - a. List the prime factors of i.
2, 3
Suppose 3*t - 12 = -t. Suppose -75 = -2*y - t*y. What are the prime factors of y?
3, 5
Let a = 65 + -21. Let z = a + -18. List the prime factors of z.
2, 13
Suppose 2*i - 1 - 9 = 0. Suppose i*t = 73 + 37. List the prime factors of t.
2, 11
Let d = 21 + -19. List the prime factors of 1 + 26/d + 2.
2
Let o be ((-14)/3)/(7/231). List the prime factors of (o/(-21))/(4/18).
3, 11
Suppose l + 2*l = 6. Let p(i) = -6 + 3*i**2 - 4*i - l*i + i**3 + 0*i. List the prime factors of p(-4).
2
Let f = -8 + 18. List the prime factors of f.
2, 5
Let h = -84 - -114. List the prime factors of h.
2, 3, 5
Let s(y) = y**2 + 5*y + 6. Let g be s(-4). Suppose 0 = -g*i - 8 + 80. What are the prime factors of i?
2, 3
Let o = 107 + 60. List the prime factors of o.
167
Let i = -1 - -3. Suppose 2*l - 3 = -z, 23 = 2*l - z - i*z. List the prime factors of l.
2
What are the prime factors of (-2 - -25)*(-15)/(-5)?
3, 23
Let q(r) = 2*r**2 - 7*r + 5. Let b be q(4). Let z(l) be the third derivative of l**4/12 - 4*l**3/3 + l**2. What are the prime factors of z(b)?
2, 5
Suppose -r = -4*r. Suppose 4*s = 4*u, r = -2*u - 2*s - s + 20. List the prime factors of u.
2
Suppose 2*c + 6 = 0, 0 = 4*i - 2*c - 441 + 95. What are the prime factors of i?
5, 17
Let s(z) = 4*z - 3. Let h be s(2). Let d(m) = -m**2 + 2*m - 3. Let l be d(2). Let i = h + l. What are the prime factors of i?
2
Suppose 2*n + 9 = 3*n. List the prime factors of n.
3
Let z(a) = -136*a**3 + a**2 + 2*a + 2. List the prime factors of z(-1).
137
Let r be 33 - 4/8*6. Suppose -4*k + r = k. What are the prime factors of k?
2, 3
Let j be (2 - 0 - 3) + 4. Let d be j/(2 - 4 - -3). Suppose 0*v - d*v + 15 = 0. List the prime factors of v.
5
Suppose 3*v = -0*v + 120. List the prime factors of ((-102)/(-4))/(30/v).
2, 17
Let u be 6/(-18) - (-19)/3. Let v = u + 0. Suppose -4*z + 26 = -v. List the prime factors of z.
2
Suppose u = -2*u. Suppose u = -5*x + 2*x + 21. What are the prime factors of x?
7
Suppose -3*g + 4*g - 8 = -q, 8 = -2*q. List the prime factors of g - (2 - -1 - 4).
13
Let m(b) = b - 5. Let g be (-2)/(-6) - 60/(-9). Let d be m(g). Suppose 0 = 4*o - d - 6, 4*v + 3*o = 26. List the prime factors of v.
5
Suppose -t + 2*i = -4*t + 16, 3*i = 15. Let s(z) = 4*z**2 - 3*z + 7*z**t + 5*z - 1. What are the prime factors of s(1)?
2, 3
Let r(i) = i**2 + 5*i - 9. List the prime factors of r(-9).
3
Suppose 0 = -4*c + c + 294. What are the prime factors of c?
2, 7
Suppose -72 - 39 = -5*d - 2*a, 9 = 3*a. What are the prime factors of d?
3, 7
Let l = -20 + 34. Suppose 134 - l = 5*z. List the prime factors of z.
2, 3
Let u be (-14)/(-3) + 5/15. Suppose 2*f - u*r - 131 = 0, 4*f + 5*r = f + 134. List the prime factors of f.
53
List the prime factors of -3*((-110)/3 + 1).
107
Suppose -5*q = 5*p - 0*q - 485, -4*p + 4*q + 428 = 0. List the prime factors of p.
2, 3, 17
Let f = 10 - 20. List the prime factors of f/(-5)*30/4.
3, 5
Suppose -g + 5 = -2*x - 4, -x - 12 = -2*g. What are the prime factors of (-324)/(-10) + 3/g?
3, 11
Let u(r) = 3*r. Let f be (-6)/2 - (-5 + 6). Let t(j) = -3*j. Let i(o) = f*u(o) - 3*t(o). List the prime factors of i(-5).
3, 5
Let k = 5 + -4. Let m be -3*k/(-3) + -3. Let p = m - -5. List the prime factors of p.
3
Let k(g) = -8*g**2 - 2. Let b(h) = -17*h**2 - 5. Let i(y) = 3*b(y) - 7*k(y). What are the prime factors of i(1)?
2
Let a = 151 + -99. Let y = a + -34. List the prime factors of y.
2, 3
Suppose 0 = -3*b - v + 437, -5*b - 4*v + 1249 = 530. List the prime factors of b.
3, 7
Let n(c) = c**2 - c. Let t = 4 + -10. Let l be (8/(-24))/((-2)/t). What are the prime factors of n(l)?
2
Let j(k) = -3*k - 1 - 1 - 7. Suppose -13 = 3*p + 4*t, 3*p + 4 = -3*t - 11. List the prime factors of j(p).
2, 3
Let p = -12 - -17. List the prime factors of p.
5
Let z be (0 - 2) + -1 + 0. Let q = -1 - z. Suppose -24 - 2 = -q*k. What are the prime factors of k?
13
Let w(u) = u**3 - u**2. Let x be w(2). Suppose 2*m - 7 - 12 = -5*g, 2*m - x*g - 10 = 0. What are the prime factors of m?
7
Suppose -3*a - 150 = -9*a. List the prime factors of a.
5
Let d(f) = -f**3 - 8*f**2 + 9*f + 8. Let q be d(-9). Suppose -4*k + q + 0 = 0. List the prime factors of k.
2
Let t = 11 - 11. Suppose t = -2*w - 3*w + 170. List the prime factors of w.
2, 17
Let h = 4 - 1. Let v = h + 1. List the prime factors of v.
2
Let m(h) = 21*h - 15. What are the prime factors of m(6)?
3, 37
Let p = 20 - 15. Suppose 32 = 2*k - p*q, -2*q = -4*k - 5 + 37. List the prime factors of k.
2, 3
Let m(o) be the first derivative of -3*o**2/2 - 2*o - 2. List the prime factors of m(-4).
2, 5
Let j(o) = 3 + 1 + 3 - o. Let m be j(6). List the prime factors of m + -1 - 6*-2.
2, 3
Let z be (-19 - -9)*(-3)/2. Let f = z + 7. List the prime factors of f.
2, 11
Let r be 23 + -2 - (-1)/(-1). Let w be r/(-8)*(-4)/5. Suppose 0*v + w*v = 14. What are the prime factors of v?
7
Let l(u) = 10*u**2 - 2*u + 1. Let f be l(1). Let x = 14 - f. What are the prime factors of x?
5
Suppose -y + 1 = -1. Let c(v) = -10*v**3 - 10 + y + 7. What are the prime factors of c(-1)?
3
Let h be -1 + 1/((-4)/100). Let o = h + 40. What are the prime factors of o?
2, 7
Let x(b) = -b - 6. Let d be x(-8). Suppose 0 = -n - 4*c + 14, 2*c + d*c = 3*n + 6. List the prime factors of n.
2
Suppose -4*o - 5*n - 7 = 2, -3*o = 3*n + 3. What are the prime factors of ((-6)/8)/((-1)/o)?
3
Let m(f) = f**2 - 15*f - 14. Let r be m(13). Let c = -13 - r. List the prime factors of c.
3
Suppose -21 - 21 = -2*z. Let c(i) = i**3 - 4*i**2 - 7*i + 1. Let j be c(5). Let b = z + j. What are the prime factors of b?
2, 3
List the prime factors of (14 + -8)*41/6.
41
Let c = -6 + -6. Let k = c - -34. What are the prime factors of k?
2, 11
Let a be (11 - 1)*12/(-10). Let q = -1 - a. What are the prime factors of q?
11
Suppose -3*v + 48 = -x, -3 - 29 = -2*v + 3*x. Suppose 2*d + 0*d = v. What are the prime factors of d?
2
List the prime factors of 0 + -2 + -1 + 76.
73
Let d be (-2)/(-2) - (-6)/(-3). Let j(m) = -10*m - 1. What are the prime factors of j(d)?
3
Let l(c) = c. Let t be l(-3). Let y be 1 - t - (-2 - -2). What are the prime factors of 19/(y + (-1 - 2))?
19
Suppose 0 = 6*d - 2*d + 72. Let y = d - -44. List the prime factors of y.
2, 13
Let c = -9 + 17. Suppose -3*i - 16 = -2*h, 5*h = -5*i + 57 + c. List the prime factors of h.
11
Let r be 19/2*2 - 0. Suppose 4*w - 6 - 22 = 0. Let s = r - w. What are the prime factors of s?
2, 3
Suppose -i + 1 = -2. Suppose 0 = -2*o - i + 43. What are the prime factors of o?
2, 5
Let k(n) = 100*n**2 - 2*n - 4. What are the prime factors of k(-2)?
2, 5
Let l(s) be the third derivative of -s**5/60 + 7*s**4/24 - 5*s**3/6 - s**2. What are the prime factors of l(4)?
7
Suppose 2*n - 4*u = 126, 2*n + u - 69 = n. List the prime factors of n.
67
Let s = -4 - -7. Suppose 6*y - 4*y = 80. Suppose -s*i - i = -y. List the prime factors of i.
2, 5
Let w(a) = 20*a + 5. List the prime factors of w(4).
5, 17
Let a be (-3)/(-2)*56/(-12). Let s = a - -12. List the prime factors of (9/(-5))/((-1)/s).
3
Suppose 0 = -3*b - 6, 4*q - b = -2*b + 14. Let t = -4 - -3. List the prime factors of q - t*(2 + -1).
5
Let b(s) = 19*s**2 + 1. Let w = 16 + -15. What are the prime factors of b(w)?
2, 5
Let h = -9 + 39. Let q = h + -81. Let w = 72 + q. List the prime factors of w.
3, 7
Suppose 3*c + 194 = 5*y - 17, -8 = 4*c. List the prime factors